*h + h + 4*d, 3*h + 4*d - 12 = 0. Suppose 3*v + 1 = h. Let r = v - -4. Calculate the highest common factor of r and 25.
5
Suppose 359 + 401 = 20*v. Calculate the highest common factor of 494 and v.
38
Let b be 35 + (5 - 2) + -5. Suppose -2*p - 9 = -b. What is the greatest common factor of p and 12?
12
Let h = -277 + 279. Calculate the highest common divisor of 38 and h.
2
Suppose 0 = -3*g + 698 + 1042. Suppose -4*u + g = 4*b, -4*u - b = -5*b - 620. Suppose 2*w - 75 = -3*w. Calculate the greatest common factor of u and w.
15
Suppose -2*d = -5*d + 450. Suppose -5*q + 122 + 52 = 24. What is the highest common factor of d and q?
30
Let s(l) be the second derivative of -l**3/6 + l**2/2 - 36*l. Let y be s(-19). Calculate the highest common divisor of 260 and y.
20
Suppose 0 = 3*f - 8*f + 125. Calculate the highest common factor of 25 and f.
25
Let k(g) be the first derivative of 1 - 9/2*g**2 - 17*g. Let i be k(-8). What is the highest common divisor of 22 and i?
11
Let i be 0 - 5*-1*7. Let s = 339 - 325. What is the highest common divisor of i and s?
7
Let o(a) = 5*a**3 - 2*a**2 + 2*a - 3. Let p be o(3). Suppose -7*q = -5*q - p. Calculate the highest common divisor of 15 and q.
15
Suppose f = u - 2*u + 10, 0 = 2*f + 5*u - 23. Suppose 0 = 9*p - 887 - 112. Let z = p - 66. What is the greatest common factor of f and z?
9
Let k = 178 - -130. Suppose -3*x = 12, 1 = 4*l + 2*x - 7. Suppose -l*o = -4*j + 6*j - 40, 8 = -2*o. Calculate the highest common divisor of j and k.
28
Let z(a) = -a**2 + 11*a - 16. Let y = 5 - -4. Let v be z(y). Calculate the highest common divisor of 22 and v.
2
Let w be 462/66 - (0 + (-145 - 2)). What is the highest common factor of 70 and w?
14
Suppose -2*z + 9*z = 84. What is the greatest common divisor of 588 and z?
12
Suppose 617 = 30*p - 2353. What is the greatest common divisor of p and 143?
11
Let j(v) = 2*v**2 - 3*v - 4. Let w be j(3). Suppose 1 = w*x - 19. Let n be 7 + (0/(-3))/x. What is the highest common factor of n and 63?
7
Let d be (1 - 3)/(62/(-868)). What is the greatest common divisor of 4 and d?
4
Let p(v) = v**3 - 11*v**2 - 14*v - 6. Let j be p(13). Calculate the greatest common divisor of j and 100.
50
Let f(l) = l**3 + 12*l**2 - 5*l - 7. Let n be f(-12). Suppose 49*r = n*r - 420. Calculate the highest common divisor of r and 15.
15
Suppose -77 = 5*a - 137. Suppose 2*l - a - 4 = 0. Calculate the greatest common factor of l and 88.
8
Let j(q) = q**3 + 24*q**2 - 2*q + 123. Let p be j(-24). What is the highest common factor of 18 and p?
9
Let t(n) = 8*n**2 + 4*n + 1 + 3*n**2 + 2. Let o be t(-2). Suppose 14*k - 9*k + 2*i = 71, 16 = k + i. What is the greatest common factor of k and o?
13
Let h be 3 - ((-514)/6)/((-3)/(-9)). Calculate the highest common factor of 70 and h.
10
Let a = -239 - -250. Calculate the highest common factor of a and 33.
11
Let g = 40 - 30. Let f be (-2)/((-6)/15 - (-4)/15). What is the greatest common factor of g and f?
5
Let o = -100 - -837. What is the greatest common factor of 134 and o?
67
Let c be (-8)/6*(9 + -6). Let k be (-2 - c) + 1 + -21. Let f = -6 - k. What is the greatest common divisor of f and 12?
12
Let d(l) = -3*l**2 + 7*l + 20. Let p be d(6). Let w = p - -118. What is the greatest common factor of 9 and w?
9
Suppose -3*t - 5*t + 648 = 0. Let a = t + -74. Calculate the greatest common factor of 91 and a.
7
Suppose -39 = f - j - 49, -4 = -4*j. What is the highest common factor of f and 209?
11
Suppose -2*m - 14*c + 13*c + 2251 = 0, -3 = c. Calculate the greatest common divisor of 92 and m.
23
Suppose r - 47 = -2*s, 4*r + r + 77 = 2*s. Let d = s + -4. Let y = 37 + 51. Calculate the greatest common factor of d and y.
22
Suppose 5*z - 165 = 5*w, z - 4*z - 2*w = -79. Let u(r) = 15*r + 25. Let o be u(8). Calculate the highest common divisor of z and o.
29
Suppose 21 = 15*p - 22*p. Let n be ((-40)/(-50))/(p/(-270)). Calculate the greatest common factor of n and 54.
18
Suppose -3*o - 6*t = -2*t - 1506, 6 = -2*t. What is the greatest common factor of o and 22?
22
Suppose r - 2 = -0. Suppose i + i = -2*b + 42, 2*b - 27 = 3*i. What is the greatest common factor of b and r?
2
Let h = -85 - -97. Suppose j = -t + 9, -3 + 4 = t - j. Suppose -5*p = -t*s - 595, 2*p - 6*p + 2*s = -478. What is the greatest common divisor of p and h?
12
Let g(v) = 15*v**2. Let w be g(-2). Let i = 5228 - 5216. Calculate the greatest common factor of i and w.
12
Let x = 41 - 22. Suppose -5 = y - 4*p - x, -4*y = p - 39. What is the greatest common factor of y and 30?
10
Let k(p) = -77*p - 1. Let h be k(-2). Let b = 44 - 27. What is the greatest common factor of h and b?
17
Let p(x) = 33*x**2 - 50*x + 6. Let d be p(-6). Calculate the greatest common factor of 18 and d.
18
Let t(j) = -2*j**2 + 18*j - 1. Let h be t(6). What is the greatest common divisor of h and 65?
5
Let j(o) = 4*o + 11. Let w be j(4). Let s be ((-1)/3)/((-3)/w). Suppose -s*z + 12 = 0, -4*d - 3*z + 44 = -z. Calculate the highest common divisor of d and 18.
9
Let w(s) = -s**2 - 9*s - 22. Let t be w(-4). Let l be 33/(-11) + -2*87/t. Calculate the greatest common divisor of l and 28.
28
Let n be -5*11/(55/(-9)). Let l(q) = 2*q**2 - 4*q - 3. Let h be l(5). Calculate the highest common factor of h and n.
9
Let t(v) = 6*v. Let c be t(5). Suppose 3*w = z + 3, -3 = -z + 5*w - 16. What is the greatest common factor of z and c?
6
Let o = -708 + 712. Suppose 0*s = 4*s + 16. Let m be (-6)/s*2/3. What is the highest common factor of o and m?
1
Let c(z) = z**3 + 12*z**2 - 8*z - 48. Let i be c(-7). What is the greatest common factor of 69 and i?
23
Let q = 2299 + -2239. What is the highest common divisor of q and 300?
60
Let y(w) = 9*w**2 - w + 9. Let n be y(3). Let v = n - 67. What is the highest common divisor of v and 130?
10
Let l(j) = -8*j + 26. Let w be l(3). Suppose d + d = 0, w*h + 3*d - 32 = 0. Calculate the greatest common factor of 2 and h.
2
Let y = 874 + -826. What is the greatest common divisor of y and 24?
24
Suppose 0 = 2*y - 6, 0*z - z + 12 = y. Let q(x) = -35 + 0*x - x + 32 + 2*x. Let d be q(z). What is the highest common divisor of d and 42?
6
Suppose 296 = 2*g + 4*a - 192, -g = 4*a - 248. Calculate the greatest common divisor of g and 72.
24
Let c(q) = q**3 - 15*q**2 + 30*q + 18. Let g be c(13). Let x = g - 64. Calculate the highest common factor of 66 and x.
6
Suppose 0 = -g + 72 + 54. Let v = g + -61. What is the highest common factor of 26 and v?
13
Suppose n = 20 + 72. What is the greatest common factor of 437 and n?
23
Let y = -271 + 293. What is the greatest common factor of 77 and y?
11
Let b be -1 - (-3 - (-4 + 6)). Suppose b*y - 105 = y. Let g = y + 53. Calculate the highest common divisor of 11 and g.
11
Let i(z) = z**3 + 4*z**2 - 4*z + 8. Let v be i(-5). Calculate the greatest common factor of 38 and v.
1
Let l be -12*((-13)/(-39))/(1/(-32)). What is the highest common divisor of l and 528?
16
Suppose 0*v - w - 7 = -3*v, 3 = -3*v + 3*w. Suppose 4*b + 96 = c + 240, v*b + 3*c = 144. What is the highest common divisor of b and 9?
9
Let p = -1498 + 1610. What is the highest common factor of p and 288?
16
Let d be 5/(-20) + (-3)/(-12). Suppose d = 5*v - 39 + 99. Let k be ((-15)/v)/((-1)/(-4)). Calculate the highest common divisor of k and 10.
5
Suppose -10*i = -13*i - 2*v + 6, 2*i - 4 = -3*v. Suppose -3*b - 2*b - 188 = -2*z, z - i*b = 94. What is the highest common factor of 141 and z?
47
Let y be -5 + (4 - 4 - -473). Calculate the highest common divisor of y and 104.
52
Suppose -16*r + 8*r - 63 = -11*r. Suppose -5*g + 2*j - 6 = -0*g, -3*g - j = 8. Let i be 2 - (g + 10/(-1)). Calculate the highest common factor of r and i.
7
Let d be (2 + 4)/(2/10). Let f = d - 24. Calculate the greatest common factor of f and 12.
6
Let i be (-12)/48 + 442/8. Suppose 2*y + 5*p - 91 = 0, -5*y - 62 = -2*p - 275. Suppose -23 = -3*j + y. Calculate the highest common divisor of j and i.
11
Let h = 1609 + -1175. What is the greatest common divisor of h and 14?
14
Let l(n) = -n**3 - 6*n**2 - 6*n - 3. Let g be l(-5). Suppose g*f = 6*f - 600. Suppose -5*b + 19 = -131. What is the greatest common divisor of b and f?
30
Suppose -13*t + 10881 = 1105. Calculate the highest common factor of t and 4.
4
Let p = -518 - -520. Calculate the highest common factor of p a